 is -513 (base 6) in base 4?
-2331
-22323 (base 5) to base 11
-1214
Convert 285 (base 10) to base 8.
435
What is -306 (base 14) in base 12?
-416
103031 (base 7) to base 14
6718
What is 404 (base 10) in base 2?
110010100
Convert 32302 (base 6) to base 4.
1011032
Convert -105645 (base 7) to base 15.
-58b9
-1110111001001011 (base 2) to base 8
-167113
166 (base 11) to base 2
11000001
Convert -1111232 (base 4) to base 16.
-156e
21b76 (base 12) to base 11
30795
Convert 1b33 (base 13) to base 7.
14643
What is 824 (base 11) in base 6?
4334
Convert -1112121020 (base 3) to base 6.
-352223
-5934 (base 12) to base 10
-9976
What is 499a (base 15) in base 7?
63454
What is 1601 (base 7) in base 6?
2542
Convert -11211 (base 6) to base 5.
-22331
322024 (base 5) to base 2
10101010001001
-54052 (base 6) to base 16
-1cd0
What is -867 (base 11) in base 9?
-1376
What is -1000010111011 (base 2) in base 14?
-17bd
What is -1121221 (base 3) in base 8?
-2242
87d (base 15) to base 12
113a
121201211 (base 3) to base 9
17654
Convert 1020112 (base 5) to base 8.
41013
41e (base 16) to base 2
10000011110
What is 1403002 (base 5) in base 3?
1110002122
3422 (base 6) to base 15
38b
What is -20211201 (base 3) in base 7?
-20353
28447 (base 9) to base 2
100101101111001
-1954 (base 13) to base 16
-ecb
Convert -20202303 (base 4) to base 9.
-53003
359 (base 12) to base 7
1314
What is 210 (base 16) in base 7?
1353
1870 (base 14) to base 3
20001100
What is -48d (base 15) in base 11?
-85a
What is 414224 (base 5) in base 11?
a315
-246142 (base 7) to base 12
-222b7
What is -ac8 (base 16) in base 12?
-1720
Convert -414 (base 7) to base 15.
-dc
What is -43342 (base 5) in base 15?
-d32
-310401 (base 5) to base 4
-2131311
What is -1021121 (base 3) in base 12?
-65a
-20202021 (base 3) to base 8
-11471
Convert -72 (base 10) to base 11.
-66
-121144 (base 6) to base 12
-61b4
What is 22120 (base 3) in base 15?
106
What is 32243 (base 5) in base 10?
2198
What is -21563 (base 9) in base 3?
-201122010
What is 2053 (base 12) in base 7?
13155
2c (base 16) to base 12
38
-13162 (base 10) to base 14
-4b22
-72105 (base 9) to base 12
-2357b
-1695b (base 12) to base 2
-111111011010111
What is -2542 (base 8) in base 16?
-562
12a1 (base 12) to base 10
2137
What is -101111010 (base 2) in base 14?
-1d0
9000 (base 10) to base 4
2030220
What is 231233 (base 4) in base 9?
4012
Convert 148 (base 14) to base 13.
170
Convert -24614 (base 8) to base 13.
-4ac2
4389 (base 11) to base 15
1aa9
Convert -10120232 (base 4) to base 12.
-a492
Convert -d3 (base 16) to base 3.
-21211
Convert 9064 (base 14) to base 5.
1243114
182 (base 16) to base 6
1442
What is 11134 (base 7) in base 3?
10212101
-22357 (base 12) to base 15
-d6d7
Convert -78 (base 16) to base 8.
-170
Convert -117 (base 16) to base 7.
-546
Convert -38524 (base 9) to base 16.
-6556
Convert -2338 (base 14) to base 11.
-466a
532 (base 16) to base 6
10054
What is 371 (base 12) in base 11?
430
60105 (base 7) to base 16
387c
Convert f110 (base 16) to base 8.
170420
Convert 94 (base 13) to base 9.
144
Convert -1828 (base 14) to base 6.
-32044
What is -17125 (base 11) in base 15?
-7221
221465 (base 7) to base 16
985a
Convert -210122 (base 4) to base 14.
-bc6
Convert 50230 (base 6) to base 13.
2cb5
What is 23442 (base 5) in base 16?
6d3
Convert -30b (base 16) to base 6.
-3335
Convert -31204 (base 6) to base 8.
-10124
What is 269 (base 15) in base 5?
4144
What is -1770 (base 9) in base 4?
-111033
100011011011010 (base 2) to base 5
1040023
What is 3010033 (base 4) in base 13?
5941
What is -745 (base 11) in base 12?
-628
What is -201252 (base 7) in base 8?
-102454
What is -101100110001 (base 2) in base 7?
-11232
Convert 53220 (base 6) to base 12.
4210
-20113 (base 4) to base 3
-201211
-300000 (base 6) to base 15
-6da3
What is 1001101101010 (base 2) in base 8?
11552
-102442 (base 7) to base 11
-12349
2512 (base 7) to base 12
664
1140124 (base 5) to base 6
242321
cef (base 16) to base 9
4478
Convert -228 (base 11) to base 3.
-101002
What is 3031 (base 4) in base 10?
205
What is 101012 (base 4) in base 13?
662
What is 487 (base 16) in base 3?
1120221
265 (base 14) to base 13
2b0
What is -2022 (base 5) in base 4?
-10012
-86fa (base 16) to base 3
-1202101210
1455 (base 6) to base 3
112122
Convert -310220 (base 4) to base 5.
-101433
What is 1266 (base 12) in base 4?
200232
Convert 226 (base 14) to base 15.
1d6
Convert 3531 (base 7) to base 14.
688
5686 (base 12) to base 16
2586
What is -102233 (base 4) in base 2?
-10010101111
-276f (base 16) to base 15
-2ed0
Convert -3bc7 (base 15) to base 5.
-402122
178 (base 14) to base 3
102012
What is 2732 (base 14) in base 7?
26062
8266 (base 13) to base 2
100011001001110
41b7 (base 13) to base 11
692a
Convert -31a (base 11) to base 9.
-466
What is -102201122 (base 3) in base 10?
-8549
-13297 (base 10) to base 7
-53524
What is -887 (base 10) in base 8?
-1567
What is 411 (base 9) in base 6?
1314
Convert 124421 (base 5) to base 2.
1001101111010
Convert -5036 (base 9) to base 15.
-1153
Convert 50134 (base 11) to base 2.
10001111010010011
Convert 166 (base 7) to base 14.
6d
What is -97a9 (base 14) in base 10?
-26217
What is -2300 (base 4) in base 11?
-150
What is 132204 (base 7) in base 14?
9074
What is 11303 (base 4) in base 15?
19b
42204 (base 5) to base 16
af4
What is -638 (base 12) in base 11?
-756
What is 1341 (base 13) in base 7?
11016
What is -1101111110 (base 2) in base 4?
-31332
Convert -103113 (base 4) to base 15.
-579
Convert -11321 (base 5) to base 3.
-1010222
Convert -5306 (base 7) to base 2.
-11101001100
What is 1563 (base 10) in base 14?
7d9
32311 (base 4) to base 11
793
Convert -300 (base 14) to base 3.
-210210
What is -100432 (base 6) in base 4?
-1330010
Convert 201121 (base 3) to base 8.
1021
Convert -687 (base 10) to base 6.
-3103
What is 23240 (base 5) in base 3?
2022210
23303220 (base 4) to base 12
23ba0
What is -2170 (base 16) in base 12?
-4b54
4400 (base 6) to base 5
13013
Convert -4e7 (base 16) to base 12.
-887
132310 (base 4) to base 16
7b4
-791 (base 13) to base 12
-905
-814 (base 10) to base 14
-422
3a7 (base 14) to base 4
23133
Convert -2dd (base 15) to base 4.
-22102
-432224 (base 6) to base 10
-35512
Convert -16 (base 12) to base 4.
-102
1323021 (base 4) to base 7
31656
Convert 14124 (base 9) to base 16.
256c
-1022002 (base 3) to base 14
-4b9
106514 (base 7) to base 4
10222301
-342 (base 13) to base 10
-561
What is -1101110101 (base 2) in base 16?
-375
What is 2010 (base 9) in base 12?
a23
21311 (base 8) to base 7
34651
-112040 (base 6) to base 9
-14056
What is 21411 (base 6) in base 11?
2250
What is 101111011011 (base 2) in base 11?
230a
What is -40160 (base 7) in base 14?
-3767
Convert -310 (base 12) to base 3.
-121110
What is 6966 (base 10) in base 6?
52130
What is 4b5 (base 12) in base 8?
1311
What is 1a4a (base 15) in base 10?
5695
Convert 121053 (base 6) to base 15.
322c
-19503 (base 10) to base 15
-5ba3
Convert -2304430 (base 5) to base 6.
-514532
2652 (base 7) to base 15
47c
22 (base 3) to base 5
13
-50264 (base 9) to base 13
-12055
-66 (base 14) to base 5
-330
1001010010 (base 2) to base 9
730
Convert 1480 (base 9) to base 5.
14000
-7c (base 16) to base 14
-8c
1544 (base 6) to base 12
2b4
What is 349 (base 12) in base 7?
1266
What is 10001110000110 (base 2) in base 8?
21606
What is 1281 (base 15) in base 7?
14335
What is 5411 (base 6) in base 4?
103033
What is 22091 (base 11) in base 16?
7d2c
Convert -34334 (base 6) to base 7.
-20143
-2561 (base 8) to base 6
-10241
Convert -1144 (base 6) to base 14.
-160
-1c74 (base 13) to base 12
-2600
Convert 11212 (base 6) to base 12.
b08
Convert -3431 (base 12) to base 5.
-141142
Convert -2078 (base 14) to base 12.
-32a2
Convert 10101 (base 2) to base 11.
1a
1030 (base 4) to base 16
4c
Convert -4120 (base 9) to base 6.
-21543
-1011101 (base 2) to base 3
-10110
Convert -101a (base 13) to base 8.
-4254
-228 (base 10) to base 15
-103
Convert -70490 (base 10) to base 12.
-34962
Convert -1712 (base 14) to base 4.
-1000210
What is 5563 (base 9) in base 12?
2463
Convert -3103 (base 6) to base 3.
-221110
What is 21100111 (base 3) in base 6?
40451
Convert 126 (base 16) to base 6.
1210
What is -427 (base 8) in base 14?
-15d
Convert -139 (base 12) to base 14.
-d7
1445 (base 7) to 